. Determine l(-24).
-80
Let i(o) = 325*o - 39794. Give i(124).
506
Let r(s) = -6772*s - 1069988. Give r(-158).
-12
Let l(r) = 107608*r + 860916. Calculate l(-8).
52
Let a(j) = 1521*j**2 - 33461*j - 40. Determine a(22).
-18
Let r(z) = -z**3 + 99*z**2 - 725*z - 156. What is r(91)?
117
Let j(a) = -54*a**3 + 39*a**2 + 95*a - 4. Determine j(-1).
-6
Let z(t) = 34*t**2 - 41860*t - 41888. Determine z(-1).
6
Let u(t) = 240913*t + 1445558. Calculate u(-6).
80
Let g(q) = -3*q**2 - 147*q + 2350. Determine g(-58).
784
Let n(o) = 14*o**2 + 85942*o - 343987. Give n(4).
5
Let c(m) = -26*m**2 + 2392*m - 74. Calculate c(92).
-74
Let d(t) = -34*t**2 - 2247*t + 66. What is d(-66)?
264
Let k(q) = -q**3 - 54*q**2 - 58*q + 2362. What is k(-8)?
-118
Let v(d) = -d**3 + 292*d**2 - 1037*d - 33124. Calculate v(288).
-4
Let y(p) = 2*p**2 + 261*p + 2854. Give y(-11).
225
Let r(f) = 2*f**2 + 457619*f - 6407062. Give r(14).
-4
Let q(g) = 1399*g - 39082. What is q(28)?
90
Let c(t) = -3493*t - 30750. What is c(-9)?
687
Let m(g) = 15*g**2 - 1679*g - 69. What is m(112)?
43
Let l(x) = -x**3 + 23*x**2 - 641*x + 13618. What is l(22)?
0
Let o(k) = 112*k**2 - 710*k - 113. What is o(6)?
-341
Let r(f) = -1626*f + 229351. Calculate r(141).
85
Let z(r) = -2*r**2 - 156*r + 2864. What is z(20)?
-1056
Let k(t) = -15*t**3 - 115*t**2 + 248*t - 18. What is k(2)?
-102
Let z(f) = 48*f**3 - 816*f**2 - 4*f + 182. Calculate z(17).
114
Let j(k) = 333*k - 49788. Give j(149).
-171
Let s(l) = 5*l**3 - 433*l**2 - 208*l - 330. Give s(87).
-3288
Let r(b) = 60312*b + 60357. Give r(-1).
45
Let v(z) = -z**3 - 41*z**2 - 70*z + 929. Determine v(-38).
-743
Let h(x) = 4191*x + 100582. Determine h(-24).
-2
Let k(v) = 14435*v - 259728. Determine k(18).
102
Let f(j) = 86*j - 11955. Determine f(158).
1633
Let c(m) = 15582*m - 15877. Calculate c(1).
-295
Let n(w) = -8*w**2 + 5*w - 21. Calculate n(-9).
-714
Let w(o) = o**3 + 45*o**2 + 34*o - 2715. What is w(7)?
71
Let v(o) = -o**3 - 31*o**2 - 448*o - 11186. Calculate v(-29).
124
Let a(w) = -8694*w + 43470. Give a(5).
0
Let y(v) = 578*v + 20655. Give y(-36).
-153
Let j(c) = -8057*c - 1071578. Determine j(-133).
3
Let g(y) = 3*y**2 + 7291*y - 169287. What is g(23)?
-7
Let d(u) = -u**3 - u**2 + 9579*u - 9576. What is d(1)?
1
Let d(y) = 2*y**2 + 3860*y + 169317. Determine d(-45).
-333
Let v(g) = -4333*g + 34677. Calculate v(8).
13
Let c(p) = p**2 - 99*p + 193. Calculate c(4).
-187
Let u(z) = -5*z**2 + 509*z - 402. Give u(99).
984
Let c(n) = 6*n**2 - 641*n + 15051. What is c(72)?
3
Let l(b) = -265*b**3 + 18*b**2 - 27*b + 5. Give l(1).
-269
Let n(h) = 74201*h - 816250. Give n(11).
-39
Let p(a) = -11*a**3 + 181*a**2 + 531*a + 42. Determine p(19).
23
Let x(b) = -4*b**2 + 111*b + 2069. Calculate x(-20).
-1751
Let i(l) = -4284*l + 295594. Determine i(69).
-2
Let f(a) = 10483*a + 691870. Give f(-66).
-8
Let t(a) = -14*a**3 - 111*a**2 - 111*a + 306. What is t(-6)?
0
Let f(s) = 3*s**3 - 96*s**2 - 2303*s - 50. Give f(48).
-2
Let l(y) = y**3 - 79*y**2 + 996*y + 63. What is l(64)?
2367
Let q(x) = -118*x**2 + 717*x - 69. Calculate q(6).
-15
Let s(b) = -27*b**2 - 565*b - 12. Give s(0).
-12
Let g(k) = -37890*k + 871421. Calculate g(23).
-49
Let c(b) = -3899*b + 97544. Give c(25).
69
Let k(h) = -286*h**2 + 13440*h + 196. What is k(47)?
102
Let i(a) = 47*a**3 + 32*a**2 + 2*a - 15. Calculate i(3).
1548
Let c(i) = 6*i**3 - 113*i**2 - 283*i + 6718. Determine c(18).
4
Let f(b) = -2*b**3 + 13*b**2 + 279*b + 641. Determine f(-9).
641
Let k(n) = -n**3 + 155*n**2 + 1195*n - 162085. What is k(156)?
-1
Let s(b) = 92*b**2 - 4637*b - 2834. What is s(51)?
-29
Let v(a) = a**2 - 628*a - 411197. What is v(1028)?
3
Let c(l) = 368*l + 3965. What is c(-15)?
-1555
Let y(k) = k**2 - 174*k + 6535. Give y(123).
262
Let v(q) = 32*q**2 - 2955*q + 48512. Give v(71).
19
Let d(n) = -2*n**3 + 128*n**2 - 124*n - 106. What is d(63)?
20
Let a(r) = 3*r**3 - 555*r**2 + 557*r - 894. Give a(184).
26
Let m(u) = -39700*u + 3295127. Calculate m(83).
27
Let n(h) = -236*h - 30685. Give n(-133).
703
Let j(l) = -1675*l - 232927. Give j(-139).
-102
Let n(z) = z**2 + 163*z - 11952. Give n(-219).
312
Let q(z) = -3*z**3 - 52*z**2 + 117*z + 385. Give q(-19).
-33
Let t(g) = -g**3 + 14*g**2 + 99*g - 1257. Determine t(11).
195
Let f(w) = -w**3 + 67*w**2 + 8769*w + 126. Determine f(133).
-1071
Let n(x) = -349*x**2 - 7339*x - 7177. Calculate n(-20).
3
Let i(r) = r**3 + 991*r**2 + 230519*r + 1874. Determine i(-373).
9
Let q(x) = -3*x**2 - 80*x + 667. Give q(-24).
859
Let a(d) = -44*d**2 + 1127*d - 1152. Give a(1).
-69
Let d(i) = i**3 + 34*i**2 - 35*i - 2310. Give d(-35).
-2310
Let y(n) = n**2 + 1396*n + 166936. What is y(-132)?
88
Let y(i) = -6123*i - 649420. Determine y(-106).
-382
Let t(a) = 3*a**2 - 208*a + 184. What is t(65)?
-661
Let v(x) = 3032*x - 515436. Calculate v(170).
4
Let t(q) = q**2 - 2932*q + 104259. Determine t(36).
3
Let r(d) = 36*d**2 + 8*d - 13. Determine r(0).
-13
Let w(o) = 2*o**3 + 83*o**2 - 33567*o + 3788. What is w(-152)?
-12
Let g(i) = 118*i**3 - 586*i**2 + 6*i + 11. Calculate g(5).
141
Let v(l) = 7*l**2 + 781*l - 10709. Calculate v(-122).
-1803
Let d(s) = -848*s + 57667. What is d(68)?
3
Let m(a) = -6*a**2 - 1058*a - 13980. What is m(-162)?
-48
Let m(r) = -10916*r - 644077. Determine m(-59).
-33
Let u(k) = k**2 + 39*k - 10909. Give u(-126).
53
Let x(h) = -h**3 + 132*h**2 + 854*h - 23161. Give x(137).
-8
Let n(x) = 2*x**3 + 7*x**2 - 76*x - 191. What is n(-7)?
-2
Let s(j) = 4*j**3 - 82*j**2 - 19*j + 258. What is s(20)?
-922
Let i(y) = -y**3 + 209*y**2 - 220*y + 2411. Determine i(208).
-85
Let y(f) = -6*f**2 - 292*f - 289. Calculate y(-1).
-3
Let s(o) = 595*o + 6825. What is s(-11)?
280
Let t(o) = -o**3 - 12*o**2 + 961*o - 521. Calculate t(25).
379
Let h(o) = 714*o - 25009. Give h(35).
-19
Let g(b) = 2*b**2 + 29*b - 315. What is g(-23)?
76
Let k(q) = 2*q**3 + 113*q**2 + 45*q - 328. Calculate k(-56).
288
Let z(a) = -a**3 + 182*a**2 + 346*a + 38665. Determine z(185).
0
Let m(y) = -3*y**3 + 137*y**2 + 15*y + 81. Determine m(46).
-1345
Let j(p) = 1271125*p - 8897875. What is j(7)?
0
Let d(g) = -8418*g - 24883. Give d(-3).
371
Let p(y) = 2*y**2 + 450*y + 23169. Determine p(-80).
-31
Let h(o) = 8*o**2 - 305*o + 2726. Give h(16).
-106
Let u(q) = 138*q**2 + 442*q + 870. Calculate u(-2).
538
Let k(b) = b**3 + 65*b**2 - 2604*b + 30. Calculate k(28).
30
Let a(n) = 12*n**2 + 13930*n + 41696. What is a(-3)?
14
Let f(r) = -2*r**2 + 1618*r + 30956. Determine f(-19).
-508
Let i(p) = 3*p**2 + 400*p - 11694. What is i(25)?
181
Let c(t) = -t**2 - 25960*t - 2405657. Give c(-93).
-26
Let z(a) = 72*a - 563. What is z(8)?
13
Let d(q) = 3*q**3 - 20*q**2 - 66*q + 131. Give d(8).
-141
Let v(g) = -931*g + 14848. Determine v(16).
-48
Let m(b) = 480*b + 60239. Calculate m(-126).
-241
Let s(v) = 43403*v + 1171868. Calculate s(-27).
-13
Let m(j) = j**3 + 12*j**2 + 95*j + 1605. Determine m(-14).
-117
Let q(a) = 59*a**3 + 463*a**2 - 61*a + 62. Determine q(-8).
-26
Let w(a) = -27*a**3 - 22*a**2 - 97*a - 396. What is w(-4)?
1368
Let k(c) = 19*c**3 - 986*c**2 + 81*c - 9624. What is k(52)?
-4
Let f(o) = o**3 - 537*o**2 + 67496*o + 13431. Calculate f(336).
-9
Let a(u) = 1102*u + 24273. Determine a(-22).
29
Let r(v) = v**2 - 841*v - 59877. Determine r(-66).
-15
Let y(p) = -686*p + 13688. Calculate y(20).
-32
Let x(p) = 50658*p - 1469084. Calculate x(29).
-2
Let y(j) = -28078*j + 84076. Determine y(3).
-158
Let a(i) = -i**3 + 288*i**2 + 2734*i - 2439. Determine a(-10).
21
Let n(x) = -105*x + 7657. What is n(71)?
202
Let y(l) = 449*l**2 - 12789*l - 6725. Give y(29).
3
Let j(d) = -2*d**2 - 1316*d - 24067. Give j(-18).
-1027
Let y(w) = -w**3 - 54*w**2 + 857*w + 136. Give y(13).
-46
Let k(i) = 15*i**2 - 1872*i - 33759. Determine k(-16).
33
Let y(m) = -347*m + 19407. Determine y(55).
322
Let y(v) = 22*v + 591. What is y(-49)?
-487
Let z(v) = v**3 + 14*v**2 + 450*v + 6324. Determine z(-14).
24
Let z(o) = o**3 + 27*o**2 + 7*o - 3216. Give z(-23).
-1261
Let u(k) = 167*k - 138. Calculate u(0).
-138
Let m(o) = -3*o**3 - 42*o**2 + 89*o + 261. Give m(-16).
373
Let a(c) = 99323*c + 695260. Determine a(-7).
-1
Let z(u) = -5*u**3 + 3736*u**2 + 44796*u - 11381. Determine z(759).
4
Let z(n) = 24*n**2 + 3829*n - 1752. Calculate z(-160).
8
Let t(u) = 105300*u - 2632495. 